 of -1 + (-3)/(-2) - 894/o?
5
Let w(f) be the second derivative of -f**4/6 - 13*f**3/6 + 2*f**2 - 6*f. Let m(v) be the first derivative of w(v). What is the units digit of m(-11)?
1
Let x(f) = f**3 + 10*f**2 - 14*f - 3. Let y be x(-11). Suppose 4*t = l - y, 3*t - 73 = -l - 15. Let d = l + -18. What is the units digit of d?
8
Suppose -3*b = 3, -11*v - b + 1203 = -7*v. What is the tens digit of v?
0
Let f be 20/10 - -5*4. Suppose 0 = 4*x + 2 - f. Suppose 2*k - 15 = -k - z, x*k + 5*z - 35 = 0. What is the units digit of k?
4
Let l = -1421 - -2084. What is the units digit of l?
3
Let w(y) = 6*y + 9. Let t = 63 - 34. Suppose -o - t = -4*a, 10*o = 3*a + 5*o - 26. What is the units digit of w(a)?
1
Let a = -245 - -459. What is the hundreds digit of a?
2
Let v be (-9)/(-27) + ((-20)/3)/(-4). Suppose -2*l + 100 = -v*g, 4*g = -4*l + 56 + 144. What is the tens digit of l?
5
Let u(w) = w**3 - 2*w**2 - w + 4. Suppose -4*m = -8 - 8. Let r be u(m). What is the tens digit of 6/8 + 520/r?
1
Let b(t) = -t**2 + 5*t + 6. Let u be b(5). Let f be (u/(-4))/(4/(-8)). Suppose -w + 2*w + 5*l = -f, l = -w + 1. What is the units digit of w?
2
Let p = 212 - 103. What is the tens digit of p?
0
Let d = 49 - 84. Let w = d - -38. Suppose 4*l + w*v = 40 + 152, -5*l + 267 = -3*v. What is the tens digit of l?
5
Let r(q) = 461*q**2 + 3*q + 2. What is the units digit of r(-1)?
0
Let h(y) = 2*y**2 + 3*y + 1. Suppose 4*o + 3 = 11. Let c be 1 - (-1 - -9)/o. What is the tens digit of h(c)?
1
Let w be 15/(-6)*(-16)/20. Suppose 0 = -w*y - y + 4*x + 264, -3*x + 411 = 5*y. What is the tens digit of y?
8
Let h(i) = 2*i**3 - i. Let l be h(-1). Let d = l - 3. What is the units digit of 36*2/(-16)*d?
8
Let r be (-1)/4 + 136/32. What is the tens digit of r/(3/((-252)/(-8)))?
4
Let g = 2548 + -1669. What is the hundreds digit of g?
8
Suppose 9 + 21 = 6*b. Suppose 4*a = b*d + 773, 5*a + 4*d - 1250 = -335. What is the hundreds digit of a?
1
Let s(j) = 4*j**2 + j + 1280. What is the units digit of s(0)?
0
Suppose -2*g + 3*v = -99 - 119, 0 = -3*g + 3*v + 321. What is the units digit of g?
3
Let n(z) = -z**3 + 8*z**2 - 6*z - 15. Let d be n(7). What is the units digit of -2*201/d*4?
1
Let a(f) = f**2 - 6*f + 3. Let k be a(5). Let v be 158 + (k - -5) + 1. Suppose 2*b - v = -36. What is the tens digit of b?
6
Let b = 16 + -11. Suppose 7*i = b*i + 18. What is the units digit of i?
9
Suppose -3*q + 384 = -291. Suppose 4*b = -33 + q. Let r = -34 + b. What is the units digit of r?
4
Let d(q) = -q**3 - 6*q**2 - 8*q - 3. Let j be d(-5). What is the tens digit of j/(-8)*(-1 + -49)?
7
Suppose -31*l = -5*u - 30*l + 14178, 5678 = 2*u + 3*l. What is the units digit of u?
6
Let i(l) = l**2 - 4*l - 3. Let q be i(-5). Let t = q + 11. What is the tens digit of t?
5
Suppose 3*n = -2*k + 99, 0*k - 4*n + 62 = k. Let h = 221 - k. Suppose 5*x + h = 3*a + a, -2*x - 245 = -5*a. What is the units digit of a?
1
Let o be -2*(0 - -1) - -4. Suppose 3*y - o*x = 61, 0 = 5*y - 3*x - 2*x - 110. What is the tens digit of y?
1
Let v(r) = r**3 - 6*r**2 - 6*r - 7. Let l be v(7). Let t(n) be the first derivative of n**3/3 - n**2 + 21*n + 25. What is the tens digit of t(l)?
2
Let l = 55 - -185. What is the units digit of l?
0
Suppose u = 3 - 21. Let k be (-153)/u + (-2)/4. Suppose 0*i - k*i + 520 = 0. What is the tens digit of i?
6
Let o(i) = 8*i**2 - 60*i + 76. What is the tens digit of o(19)?
2
Let y = 10 - 6. Let g = -154 - -152. What is the tens digit of (g/y)/(2/(-68))?
1
Suppose -52*k = -35*k - 10693. What is the tens digit of k?
2
Let l(p) = p**2 + 14*p - 4. Let w be l(-15). Let t be (-12)/(-2) - (-9 + w). Suppose 0 = t*i + 4*g - 104, 2*i + 8*g - 4*g = 50. What is the units digit of i?
7
Suppose 0 = 3*j - 3, -5*g + 2*j + 3*j - 5 = 0. Suppose -q - 1 + 4 = g. What is the tens digit of 1235/13*q/5?
5
What is the hundreds digit of ((-5 - 5) + -9)/(2/(-170))?
6
Let v(p) = -6*p**2 + 14*p**2 + 3 - 6*p**2 + 8 - 3*p - 10*p. Suppose 5*o + d = 43, 0 = -4*o + 2*o - 4*d + 10. What is the units digit of v(o)?
6
Let j(g) = 143*g**2 + 19*g + 33. What is the hundreds digit of j(-2)?
5
Let w(h) = 404*h**2 + 5*h + 4. What is the tens digit of w(-2)?
1
Suppose 5 = z + 4*z, -5*s - 5*z + 15 = 0. What is the units digit of 46*(-12)/(-8) - s?
7
Let c(k) = -k**2 - 30*k + 30. What is the tens digit of c(-30)?
3
Suppose 5*s = -4*t + 4686, 5*t - 3*s - 2332 = 3*t. What is the units digit of t?
9
Suppose 0 = 6*f - 2*f - 400. What is the hundreds digit of f?
1
Let z(o) be the second derivative of o**5/5 + o**4/6 + o**3/3 - 2*o**2 + 12*o. What is the units digit of z(2)?
0
Let k(x) = -4*x - 24. Let s be k(-8). Let l = s - 6. Suppose l*y = 4, 5*h = y + 38 + 75. What is the units digit of h?
3
Let o be 2/13 + 19140/143. Suppose 6*l - q - 68 = 4*l, 0 = -4*l + 3*q + o. What is the tens digit of l?
3
Let i = 67 + 274. What is the units digit of i?
1
Let i = 74 + 114. What is the tens digit of i?
8
Let a = 4568 - 3103. What is the units digit of a?
5
Suppose 2*g = -5*w + 4158, -14*g + 8 = -12*g. What is the units digit of w?
0
Suppose 0 = 3*h - h - 8. Suppose -31 - 15 = 2*s - h*g, 5*g = -5*s - 100. Let n = s + 29. What is the units digit of n?
8
Let x be (0 + -13*2)/2. Let a = 16 + x. What is the units digit of 1*(0 + 1)*a?
3
Let s(w) = -7*w - 3*w + 0*w + 2*w. Let a be s(-1). Suppose -3*b + 32 = 2*l, -l = -3*b + 3*l + a. What is the units digit of b?
8
Suppose 2*y - k - 46 = 0, -3*k = y + y - 38. Let u be 1/(y/7 - 3). Suppose -l - h = -28, l - 2*h + u*h - 28 = 0. What is the units digit of l?
8
Suppose 2*w = 6 - 0. Let z be w*11 - (-3 - -4). Suppose -n + z = 1. What is the units digit of n?
1
Suppose 4*n + 3 - 11 = 0. Suppose 0 = n*h + 2*s - s - 249, -3*h + 2*s = -377. What is the tens digit of h?
2
Suppose 0 = -11*j + 4247 + 2397. What is the hundreds digit of j?
6
Let f(s) = 3*s - 26. Let u be f(11). Suppose u*r - 5*r - 18 = 0. What is the units digit of r?
9
Let t = 19 + -18. Let v be t - -96 - 11/11. Suppose 2*n = -n + v. What is the units digit of n?
2
Let p be (12/(-1))/(4/6). Let g = p + 15. Let j = 7 + g. What is the units digit of j?
4
Suppose 10 = 5*l - 5. Suppose -v + 260 = l*v. What is the units digit of v?
5
Let j = -18 - 1. Let t = 103 + j. Suppose 4*h = -h - 5*s + 115, -3*h + 2*s + t = 0. What is the units digit of h?
6
Let f(v) = -13*v + 169. What is the tens digit of f(-26)?
0
Let p(z) = 2*z**2 + 8*z - 87. What is the hundreds digit of p(16)?
5
Suppose 2*u - g = 1478 + 1221, -2*u = g - 2693. What is the thousands digit of u?
1
What is the tens digit of (6/7)/3 + (-37280)/(-56)?
6
Let v be (159/15)/((-4)/(-20)). Let u = -7 + v. What is the tens digit of u?
4
Suppose -2*y + 2402 = -3*w + 489, 0 = -3*y - w + 2897. What is the hundreds digit of y?
9
Let j(p) = -p**2 - 13*p + 5. Suppose -2*g - 5*d + 1 = 2, -2*d - 7 = 3*g. Let o(k) = k**2 + 6*k - 4. Let f be o(g). What is the units digit of j(f)?
5
Let b(o) = 17*o - 57. Let t be b(3). Suppose 1 = 4*r + 17. What is the units digit of (r/t)/((-4)/(-12))?
2
Let q(y) = -4*y**3 - 5*y**2 - 1. Let c(r) = 2*r - 4. Let l be c(3). Suppose -l*d + 2*p = d + 5, -2*d + 2*p = 2. What is the tens digit of q(d)?
6
Suppose -85*i + 3227 = -84*i. What is the hundreds digit of i?
2
Let r(q) = -q**2 + 4*q + 1. Let s be r(3). Suppose 0 = s*t + 20. Let w(n) = n**3 + 5*n**2 - 6*n - 7. What is the units digit of w(t)?
3
Suppose -1414 + 361 = -9*p. Let z = 165 - p. What is the units digit of z?
8
Suppose -2*u - 3 = -7. Suppose 0 = m - u. Suppose -m*q = -5*i + 387, 6*i - 311 = 2*i + 3*q. What is the tens digit of i?
7
Let u(c) = 3*c**2 + 6*c + 102. What is the tens digit of u(-27)?
2
Let b = -179 + 169. Suppose 4*a = -0*a + 2*q + 46, 2*a - 5 = -5*q. What is the units digit of (a/(-4))/(1/b)?
5
Let q(j) = 5*j**3 + j**2 - 11*j + 15. What is the units digit of q(5)?
0
Let j be (-8)/4*2 - 2. What is the units digit of (4/j)/(10/(-705) - 0)?
7
Let j = 9 - 2. Suppose -4*n + 3*s + 4 = 0, 5 = j*n - 2*n + 4*s. Let a = 16 - n. What is the units digit of a?
5
Let j = -75 - -85. What is the tens digit of j?
1
Let c = 4312 + -650. What is the units digit of c?
2
Suppose -s + 2 = 0, s - 9498 = -5*n + 8374. What is the thousands digit of n?
3
Let k(t) = 3*t**2 - 1. Let l be k(1). Suppose 5*p + 5*v - 370 = -0*p, 3*v + 128 = l*p. What is the tens 